er?
False
Is 252540676301 a prime number?
True
Is 2197767809 prime?
False
Is 26220693379 a prime number?
False
Is 2605448999 a composite number?
True
Is 2273984173 prime?
True
Is 15478005707 prime?
True
Is 2581069181 a prime number?
False
Is 318936379 prime?
True
Is 709501753 a prime number?
True
Is 125034544801 prime?
True
Is 835599839 composite?
False
Is 6180171611 a prime number?
False
Is 672179059 a composite number?
True
Is 124641116339 composite?
True
Is 1086324529 prime?
True
Is 16063843927 a composite number?
True
Is 41469246281 prime?
False
Is 1664012677 prime?
False
Is 52468267403 a composite number?
True
Is 1496936747 a prime number?
False
Is 6582463361 composite?
False
Is 39032839 a composite number?
True
Is 2523857 prime?
False
Is 6507224033 composite?
False
Is 325837189 a prime number?
True
Is 260580647 prime?
True
Is 7286309813 a composite number?
False
Is 369961807 composite?
False
Is 6999874853 a prime number?
True
Is 6533891459 a prime number?
True
Is 337883027 composite?
False
Is 1496823631 prime?
False
Is 543206217 a prime number?
False
Is 16520540657 a prime number?
False
Is 78037859 a prime number?
False
Is 7068127397 a composite number?
False
Is 335841647 a prime number?
False
Is 90388121977 composite?
False
Is 13095008341 a prime number?
False
Is 203788153 prime?
False
Is 3456787057 a prime number?
True
Is 9957088501 prime?
True
Is 24778936033 composite?
True
Is 1407733139 prime?
True
Is 39372773987 a prime number?
True
Is 2132112721 a composite number?
True
Is 6136335479 prime?
False
Is 875532079 composite?
True
Is 1955590633 a composite number?
False
Is 4901243341 a composite number?
False
Is 4906951367 prime?
True
Is 6839501731 a composite number?
True
Is 1262675917 a prime number?
True
Is 5449366717 composite?
False
Is 24833139493 a composite number?
False
Is 384944952919 a prime number?
True
Is 41672666921 a prime number?
False
Is 315966068815 a prime number?
False
Is 204221447021 a prime number?
False
Is 1081446227 a prime number?
False
Is 904136251 a prime number?
True
Is 1885549273 prime?
False
Is 44781221 a prime number?
True
Is 320381531 a composite number?
True
Is 917925551 prime?
True
Is 3084955733 a prime number?
True
Is 1192254911 a composite number?
True
Is 2530502393 prime?
True
Is 24838248347 a prime number?
False
Is 4492736629 a composite number?
False
Is 583172141 composite?
False
Is 1484286707 composite?
True
Is 3176210177 prime?
False
Is 1800244361 a prime number?
False
Is 713334493 a composite number?
True
Is 24561032515 composite?
True
Is 55786496357 composite?
True
Is 654170705 a composite number?
True
Is 707096041 a composite number?
False
Is 30425000537 a composite number?
False
Is 23186265341 composite?
False
Is 2289642886 a prime number?
False
Is 3624484817 prime?
False
Is 5570113103 a prime number?
False
Is 5350997671 a prime number?
False
Is 151116330647 composite?
False
Is 56987981 composite?
False
Is 50887577197 prime?
False
Is 11997490301 a prime number?
True
Is 175678457 a composite number?
True
Is 207981797 a composite number?
False
Is 1802569198 prime?
False
Is 529423207 a prime number?
True
Is 4264265011 prime?
True
Is 331864691 composite?
False
Is 4374247 a prime number?
True
Is 33302326037 a prime number?
False
Is 37631582497 prime?
False
Is 24129059 a prime number?
True
Is 437821271 composite?
True
Is 130370789 composite?
True
Is 1690301603 a composite number?
False
Is 339484057 a prime number?
False
Is 10457000863 a prime number?
True
Is 2100823763 a composite number?
True
Is 61878107 prime?
False
Is 2088635369 a composite number?
True
Is 3433925503 composite?
False
Is 180905719 a composite number?
True
Is 658026583 composite?
False
Is 182358657607 prime?
False
Is 11239197617 prime?
True
Is 191029152931 a prime number?
True
Is 204838961 prime?
True
Is 406016861 prime?
False
Is 22774616857 prime?
True
Is 9825895241 a prime number?
False
Is 7002510595 composite?
True
Is 85159965587 prime?
False
Is 7476729793 prime?
False
Is 11425749137 a composite number?
True
Is 2616588019 prime?
False
Is 36257651441 a composite number?
True
Is 1030551461 prime?
False
Is 299533882611 a prime number?
False
Is 1031879507 a composite number?
False
Is 70825694711 a composite number?
False
Is 6110048281 a composite number?
True
Is 175508350243 a composite number?
True
Is 701563442 a composite number?
True
Is 735762553 a prime number?
False
Is 31651892483 composite?
False
Is 2604038237 a composite number?
False
Is 27085023529 a prime number?
True
Is 339596783 composite?
False
Is 296643553 composite?
False
Is 815319059 composite?
True
Is 440691021185 a composite number?
True
Is 13521856021 prime?
True
Is 68024641 a prime number?
True
Is 718884461 a prime number?
False
Is 839873 a composite number?
False
Is 2287395431 a prime number?
False
Is 565518551 a composite number?
True
Is 26465125231 composite?
False
Is 66479753 a composite number?
False
Is 3047660513 a prime number?
False
Is 47023571201 composite?
False
Is 11911077677 prime?
True
Is 39331605809 prime?
False
Is 103124779 composite?
True
Is 14128114831 a prime number?
True
Is 84287557 a composite number?
True
Is 32096839529 a composite number?
False
Is 22112784439 a composite number?
False
Is 5656549 composite?
False
Is 70479895529 prime?
True
Is 32241002033 prime?
True
Is 2816720437 composite?
False
Is 232202429 composite?
False
Is 711638659 a prime number?
True
Is 1746259769 a composite number?
False
Is 4480810463 a prime number?
False
Is 80821848287 a prime number?
True
Is 17392034071 composite?
True
Is 732058141 a prime number?
True
Is 2152552339 composite?
True
Is 2706125117 composite?
False
Is 11675717 a prime number?
False
Is 223515287 a prime number?
True
Is 2838477451 a prime number?
True
Is 8815842359 prime?
True
Is 63557773 prime?
False
Is 22350077 composite?
False
Is 4454129543 composite?
False
Is 1151643539 a composite number?
False
Is 323574737 composite?
True
Is 172694620473 composite?
True
Is 2575769071 a composite number?
False
Is 40669421549 a prime number?
False
Is 6207981467 a composite number?
False
Is 1877769431 a composite number?
False
Is 19946317603 a composite number?
False
Is 3586080209 composite?
False
Is 9378942623 composite?
True
Is 17171682961 a composite number?
False
Is 1410830977 prime?
True
Is 4220051267 a composite number?
True
Is 470116369 a prime number?
False
Is 1830610027 prime?
True
Is 5468195221 composite?
False
Is 529324897 composite?
False
Is 4212700507 composite?
False
Is 558311669 a prime number?
False
Is 414880007 a prime number?
True
Is 305514059 a composite number?
False
Is 2212140313 prime?
False
Is 1179716569 a composite number?
True
Is 88706068081 a composite number?
False
Is 275407657 a prime number?
False
Is 5445382847 composite?
False
Is 58653409 a composite number?
False
Is 1309490713 prime?
True
Is 183914759 composite?
True
Is 683635441 composite?
False
Is 2755709927 prime?
False
Is 1247361331 a composite number?
False
Is 5142595981 composite?
False
Is 120164466829 prime?
False
Is 36699748571 prime?
True
Is 2330823247 prime?
True
Is 5096276905 a composite number?
True
Is 1788644149 composite?
False
Is 16535235313 a prime number?
False
Is 6252149 a composite number?
True
Is 275797657 composite?
True
Is 750499507 composite?
False
Is 12052876247 a composite number?
True
Is 33842904281 composite?
True
Is 987005477 composite?
False
Is 1449957851 composite?
False
Is 28976346583 a prime number?
False
Is 35328951583 composite?
True
Is 143773219 a prime number?
True
Is 56821564489 a prime number?
False
Is 20879819437 prime?
False
Is 1427939369 composite?
False
Is 93545279 prime?
False
Is 47844128557 prime?
False
Is 7005213661 composite?
True
Is 1549405693 a composite number?
True
Is 3877194977 a prime number?
True
Is 19758797581 prime?
False
Is 1012866067 prime?
False
Is 36142487 a prime number?
True
Is 212534089 a composite number?
False
Is 31417210907 a prime number?
True
Is 91704857 a composite number?
True
Is 71783118709 composite?
False
Is 1901141758 composite?
True
Is 71878798087 a composite number?
False
Is 3232261441 a prime number?
True
Is 268583281 prime?
False
Is 3740327587 a prime number?
True
Is 10800393413 prime?
True
Is 65497063741 composite?
True
Is 617619767 a composite number?
F